et c(o) = -22*o + 114. Calculate c(10).
-106
Let j(g) = -41*g**2 + 325*g + 3. What is j(8)?
-21
Let q(p) = -p**2 + 12*p - 72. What is q(5)?
-37
Let r(c) = 54*c + 7. Determine r(-2).
-101
Let g(z) = 15*z - 128. Calculate g(7).
-23
Let n(t) = -46*t - 724. What is n(-15)?
-34
Let p(s) = s**3 + 205*s**2 - 3542*s + 105. What is p(16)?
9
Let g(r) = 164*r + 794. Determine g(0).
794
Let m(i) = -2*i**2 - 63*i + 1093. Calculate m(-44).
-7
Let u(h) = -51*h + 411. Determine u(8).
3
Let q(j) = 13*j + 103. What is q(-9)?
-14
Let i(y) = y**3 + 8*y**2 + 4*y - 99. Determine i(-8).
-131
Let n(m) = m**3 - 6*m**2 - 7*m + 17. Give n(5).
-43
Let o(r) = -7*r**3 + 28*r**2 - 20*r + 84. Calculate o(4).
4
Let r(j) = -j**2 - 110*j + 2906. Calculate r(22).
2
Let h(y) = 51*y + 18. Determine h(2).
120
Let y(h) = 2*h**3 + 24*h**2 - 42*h + 47. Give y(-14).
-149
Let k(i) = i**3 - 33*i**2 + 137*i + 40. Determine k(28).
-44
Let r(o) = o**2 - 18*o - 410. Calculate r(-13).
-7
Let r(n) = n**2 + 19*n - 210. What is r(-26)?
-28
Let v(n) = -n**3 - 108*n**2 - 78*n + 3102. Determine v(-107).
-1
Let c(k) = 6*k**2 + 44*k + 65. Calculate c(-5).
-5
Let r(x) = 2*x**3 - 16*x**2 + 13*x - 31. Give r(7).
-38
Let j(g) = -2*g**3 - 18*g**2 + 197*g + 1584. Calculate j(-7).
9
Let a(t) = 48*t + 1146. Calculate a(-24).
-6
Let u(i) = -i**3 - 20*i**2 + 343*i + 76. What is u(-31)?
14
Let p(l) = 18*l**2 + 80*l - 4. Calculate p(-4).
-36
Let p(t) = -2*t**2 - 61*t - 80. Determine p(-29).
7
Let w(c) = -3*c**2 + 30*c + 24. Give w(11).
-9
Let b(i) = -8*i**2 + 21*i + 60. What is b(5)?
-35
Let u(q) = 5*q**2 + 179*q + 1267. Determine u(-26).
-7
Let y(o) = -2*o**2 + 90*o - 401. Give y(40).
-1
Let f(g) = -3*g**3 - 14*g**2 + 108*g + 394. What is f(-7)?
-19
Let u(a) = 30*a + 3276. Calculate u(-109).
6
Let k(l) = -395*l + 7547. Give k(19).
42
Let q(r) = -2*r**2 - 868*r + 7978. What is q(9)?
4
Let v(i) = 15*i**2 - 215*i - 152. What is v(15)?
-2
Let v(w) = -61*w + 1938. Calculate v(32).
-14
Let f(o) = 80*o**2 + 5201*o + 100. Give f(-65).
35
Let f(y) = 28*y**3 - 9*y**2 + 47*y - 52. Determine f(2).
230
Let w(t) = -t**3 + 17*t**2 + 78*t - 1531. What is w(16)?
-27
Let p(r) = -2*r**3 - 15*r**2 - 28*r + 6. Give p(-2).
18
Let w(c) = 94*c**2 - 63*c + 4. Determine w(-1).
161
Let c(q) = 452*q - 4514. Determine c(10).
6
Let h(t) = -201*t**3 + 2*t**2 - 2*t - 3. What is h(-1)?
202
Let g(m) = 6*m**3 - 21*m - 41. Give g(-2).
-47
Let f(g) = -169*g - 848. Give f(-5).
-3
Let w(g) = g**2 - 7*g - 127. Give w(-12).
101
Let r(a) = 3*a**2 - 3*a. Determine r(3).
18
Let d(l) = -3*l - 215. What is d(31)?
-308
Let k(j) = 2*j**2 - 132*j + 888. Give k(7).
62
Let v(r) = -10*r + 158. Calculate v(10).
58
Let s(h) = 152*h + 22651. Determine s(-149).
3
Let q(h) = -6*h**3 + 4*h**2 - 259*h + 514. Determine q(2).
-36
Let r(w) = 13*w**2 - 276*w + 51. Determine r(21).
-12
Let y(f) = -f**3 - 175*f**2 + 1092*f + 1080. Calculate y(-181).
-6
Let i(j) = -3*j**2 - 30*j - 65. Determine i(-6).
7
Let b(p) = 18*p + 1332. Calculate b(-77).
-54
Let z(x) = -7*x**2 + 139*x - 673. Determine z(8).
-9
Let x(c) = -c**3 - 13*c**2 - 17*c - 17. Give x(-12).
43
Let q(m) = -10*m - 304. Calculate q(-25).
-54
Let f(n) = 19*n + 2137. Determine f(-112).
9
Let z(l) = -l**3 + 38*l**2 - 262*l + 50. Give z(29).
21
Let m(k) = 1109*k - 5589. What is m(5)?
-44
Let k(b) = b**3 + 16*b**2 - 8*b - 27. Give k(-17).
-180
Let c(r) = 407*r - 6098. Calculate c(15).
7
Let r(i) = 3*i**2 + 4*i + 36. What is r(0)?
36
Let s(h) = -h**2 - 119*h + 675. Calculate s(-124).
55
Let j(d) = 5*d**2 - 198*d + 486. What is j(37)?
5
Let n(w) = -w**3 - 53*w**2 + 22*w + 1167. Determine n(-53).
1
Let x(i) = 4061*i - 52800. Give x(13).
-7
Let d(y) = 28*y**2 + y - 1. What is d(-2)?
109
Let l(z) = 2*z**3 + 53*z**2 - 4*z - 62. Calculate l(-26).
718
Let q(u) = -67*u**2 - u - 428. Calculate q(0).
-428
Let q(r) = 2*r**3 + 2*r**2 - 2*r - 12. Calculate q(5).
278
Let m(p) = -2*p**2 - 93*p - 495. Calculate m(-6).
-9
Let s(t) = -56*t**2 - 3*t + 9. Give s(-2).
-209
Let h(q) = -7*q**2 - 20*q + 156. Determine h(4).
-36
Let n(w) = -w**3 - 14*w**2 + 68*w - 71. What is n(-18)?
1
Let a(o) = -o**3 - 6*o**2 - 14*o + 1. Calculate a(-5).
46
Let q(z) = 2*z**2 - 239*z - 434. What is q(121)?
-71
Let b(r) = -5*r**3 + 12*r**2 + 44*r - 64. Calculate b(7).
-883
Let l(x) = -2*x**2 + 8*x + 650. What is l(-16)?
10
Let x(l) = 2*l**3 - 13*l**2 + 7*l - 26. Calculate x(8).
222
Let a(q) = -44*q - 201. Calculate a(-7).
107
Let z(l) = -3*l**2 + 137*l - 107. Give z(45).
-17
Let j(u) = -2*u**2 + 17*u - 15. What is j(10)?
-45
Let s(v) = v**3 + 39*v**2 - 33*v - 136. Calculate s(-40).
-416
Let a(g) = -4*g**3 - 9*g**2 + 51*g + 9. What is a(3)?
-27
Let u(x) = -56*x - 5880. Calculate u(-105).
0
Let w(m) = -m**3 - 33*m**2 - 59*m + 128. Calculate w(-31).
35
Let q(n) = -3*n**2 + 17*n + 639. Give q(23).
-557
Let y(c) = -41*c + 2351. Give y(53).
178
Let z(i) = -4*i - 47. Determine z(-21).
37
Let m(d) = 54*d - 1057. What is m(19)?
-31
Let f(y) = -y**2 - 119*y - 3450. Determine f(-50).
0
Let i(n) = -n**2 + 43*n + 109. Calculate i(-3).
-29
Let c(u) = 6*u + 363. Determine c(-64).
-21
Let g(w) = -w**2 - 578*w + 7680. What is g(13)?
-3
Let g(u) = 8*u**2 + 81*u + 14. Give g(-10).
4
Let q(x) = -12320*x - 209427. What is q(-17)?
13
Let y(h) = -127*h - 911. Calculate y(-8).
105
Let t(z) = 5*z - 304. Calculate t(62).
6
Let z(j) = j**3 + 34*j**2 - 71*j + 27. Calculate z(-36).
-9
Let x(b) = -3*b**3 - 19*b**2 + 22*b + 28. What is x(-7)?
-28
Let p(d) = -64*d + 3. What is p(2)?
-125
Let x(a) = -a**2 + 86*a - 543. What is x(6)?
-63
Let r(q) = 10*q**2 + 464*q - 744. What is r(-48)?
24
Let v(k) = -10*k**3 + 35*k**2 + 39*k + 5. What is v(-1)?
11
Let o(v) = 203*v + 592. Calculate o(-3).
-17
Let i(c) = 8*c**2 - 2*c - 74. Give i(-6).
226
Let o(i) = 2088*i + 98144. Give o(-47).
8
Let k(a) = 7*a**2 + 535*a + 253. Give k(-76).
25
Let t(k) = -9*k**3 + 46*k**2 - 8*k + 342. Determine t(6).
6
Let b(l) = l**2 - 83*l + 1256. Determine b(63).
-4
Let c(m) = 824*m**2 + 3. Determine c(0).
3
Let w(j) = -j**2 + 37. Determine w(5).
12
Let p(j) = j**2 + 56*j + 487. Calculate p(-45).
-8
Let j(b) = b**2 + 1084*b - 2170. Determine j(2).
2
Let x(n) = -80*n - 733. Calculate x(-9).
-13
Let v(w) = w**3 + 314*w**2 + 7485*w - 65. Determine v(-26).
13
Let a(c) = -c**2 - 688*c + 11257. Determine a(16).
-7
Let i(t) = -493*t**2 + 1468*t + 38. Give i(3).
5
Let n(b) = b**3 + 40*b**2 + 203*b - 36. What is n(-34)?
-2
Let a(b) = 2*b**2 - 26*b - 1. What is a(9)?
-73
Let f(m) = -2*m**2 - 11*m + 114. Give f(-16).
-222
Let y(p) = p**3 - 40*p**2 - 87*p + 147. Calculate y(42).
21
Let m(j) = -10*j**2 - 14*j - 4. Calculate m(-2).
-16
Let c(d) = -4*d**3 - 137*d**2 - 22*d + 37. Calculate c(-34).
-371
Let d(z) = 2*z**2 + 30*z - 4. What is d(-14)?
-32
Let h(p) = -p**2 - 859*p + 5189. Give h(6).
-1
Let q(x) = -x**2 + 279*x - 1389. Calculate q(5).
-19
Let p(y) = 10*y**3 + 83*y**2 - 24*y - 391. What is p(-8)?
-7
Let y(i) = 81*i - 6480. What is y(80)?
0
Let d(t) = -5*t**2 - 10*t - 33. Give d(-3).
-48
Let i(m) = -65*m**2 + 7027*m - 749. What is i(108)?
7
Let i(u) = -u**2 + 48*u - 449. Calculate i(12).
-17
Let t(j) = -18*j**2 + 222*j + 25. Determine t(12).
97
Let w(m) = -m**3 + 33*m**2 - 168*m + 56. Calculate w(27).
-106
Let z(q) = q**3 - 82*q**2 + 138*q - 4694. What is z(81)?
-77
Let x(w) = 5*w**2 + 80*w - 92. What is x(-17)?
-7
Let r(p) = -55*p**2 - p + 4. What is r(-2)?
-214
Let i(g) = g**3 + 30*g**2 - 71*g + 20. What is i(2)?
6
Let g(d) = 805*d + 23351. Calculate g(-29).
6
Let c(g) = g**3 + 5*g**2 - 93*g - 442. Calculate c(-5).
23
Let z(a) = a**2 + 7*a - 242. What is z(-19)?
-14
Let f(a) = a**2 + 7*a - 570. Calculate f(-28).
18
Let c(p) = 34*p**2 - 200*p - 11. What is c(6)?
13
Let h(s) = -s**2 - 30*s - 160. Determine h(-6).
-16
Let d(n) = -206*n + 92491. What is d(449)?
-3
Let v(z) = 175*z + 343. Calculate v(-2).
-7
Let u(c) = -2766*c + 13835. Determine u(5).
5
Let f(o) = -o**3 - 8*o**2 + o + 58. Give f(-7).
2
Let r(p) = p**2 - 53*p - 315. What is r(60)?
105
Let m(b) = -227*b - 2716. Give m(-12).
8
Let w(o) = -667*o - 13391. Give w(-20).
-51
Let q(v) = -v**2 - 152*v - 1660. Determine q(-12).
20
Let k(l) = 444*l - 459. What is k(1)?
-15
Let x(v) = -5*v**2 - 2*v + 17298. Give x(-59).
11
Let s(k) = k**3 + 78*k**2 - 4*k - 18. Give s(0).
-18
Let